7 + 4).
-5
What is 2 + -6 + 7 + 0?
3
Evaluate 8 + -9 + (1 - 0) + 4.
4
Calculate 9 + -25 - -22 - (-5 + 1).
10
Evaluate 1 + -4 + 9 + (1 - 4).
3
Calculate -2 + -2 - (-2 - (-4 + 4)).
-2
What is 2 + (2 - 0) - (-18 + 23)?
-1
What is -6 - (1 - 6) - -7 - 1?
5
Calculate -5 + 6 - (-4 + 4 + 3).
-2
What is the value of (1 - (-4 - -11)) + 1 + 12?
7
What is the value of 0 + 2 + -3 - (0 + 0)?
-1
Evaluate 4 + -3 + -2 + 5 + 1.
5
What is the value of 9 + -1 - (-21 + 32)?
-3
Evaluate -7 - (-6 + 1 + (0 - -2)).
-4
Calculate -1 + -5 + (-7 - (-13 - -6)).
-6
Calculate 1 + -10 + 11 + (-2 - -1).
1
3 + -1 - -8 - (-59 + 66)
3
Calculate -3 + -5 - (10 + -15).
-3
What is the value of -3 - (6 + -7 - 10)?
8
3 + -2 + (-1 - (-4 + 4))
0
-7 - (-4 + 4 + 1)
-8
What is -8 + 11 + -4 + (-1 - -6)?
4
-10 - (4 + -18 + 7)
-3
What is -3 - (-14 + 0) - (-5 - -11)?
5
What is the value of -6 - (5 - (7 + 2))?
-2
(-1 - 1) + (0 - -4)
2
1 + -20 + 52 + -41
-8
-1 - 0 - (1 + -1 + 0)
-1
What is -3 + (-4 - -6) - 2?
-3
What is the value of -9 + (-6 - -9) + 8?
2
Calculate (0 + 1 - -6) + -4.
3
What is 4 - (11 - 9 - 0)?
2
Evaluate 1 - (-22 + 19) - (0 + 1).
3
Evaluate -3 - (4 + (-5 - (-3 - -4))).
-1
Evaluate 12 + (2 - 11) + 3 + 2.
8
Calculate (3 - (0 + 5)) + (-2 - 1).
-5
What is 7 - (2 + 1 + 1) - 2?
1
Calculate -1 + (2 - -2) - -2.
5
What is the value of (16 - 15) + -5 + -1?
-5
What is the value of -1 + -1 + (-3 + 11 - 5)?
1
Evaluate -14 + -4 + 18 - (-5 - -1).
4
Evaluate -1 + -1 - (-1 - 2) - 2.
-1
What is the value of 6 + -5 - ((4 - -2) + 0)?
-5
What is the value of 7 - (-7 + (1 - -9))?
4
Evaluate 1 + -12 + (73 - 70).
-8
What is (6 - (1 - 7 - -14)) + 0?
-2
What is the value of -1 + (-1 - (-2 + 1)) - 1?
-2
Evaluate -5 - (-1 + -4) - -2 - 1.
1
What is -5 + -4 + 3 - -4?
-2
Calculate 7 + (-9 - -4 - 10).
-8
What is the value of 0 - (0 - (-2 - -3) - -4)?
-3
What is 2 + -3 - (2 + -1 - 2)?
0
Calculate 10 + (-14 - -3) + -2.
-3
What is the value of 8 + 1 + (-11 - -4)?
2
-2 + -1 + 4 - -1
2
-10 + 6 + 2 + 2
0
What is the value of -2 + 5 + -10 + 13 - 11?
-5
Evaluate -9 - (0 - (-2 + 12)).
1
What is -5 + (9 - 3 - 4) + -3?
-6
Evaluate -4 + 0 + 19 + -11.
4
What is 3 + -2 - (-7 + 6 + 2)?
0
Evaluate 5 + -4 - (0 - -1).
0
Calculate 2 + -6 + 3 + -1 - 2.
-4
Evaluate 1 + 0 + -80 + 87.
8
Calculate 1 + (0 - 3) + 1.
-1
57 + -58 - ((2 - 5) + 9)
-7
What is the value of -4 + 5 - (19 + -10)?
-8
-2 + 3 - (-1 + -11 + 8)
5
What is the value of (-1 - -3) + -4 - 1?
-3
-3 + -1 + -6 + 5
-5
Evaluate -5 + 0 + (16 + -2 - 3).
6
Calculate 1 + -3 + 3 + -3 + 2.
0
What is (-3 - -1 - -4) + (-1 - 2)?
-1
Calculate (-11 - -6) + 12 + (-3 - 0).
4
What is (-1 - 4) + (12 - 7)?
0
Calculate -6 + -1 + (-48 - -51).
-4
23 + -20 + 2 + -3 + -2
0
What is the value of (-2 - (2 + 0) - -2) + -2?
-4
Evaluate -2 - -8 - (-10 - -1 - -9).
6
What is (-4 - -1) + -55 + 63?
5
3 + 2 + -5 + 3 + -1
2
Calculate -4 + 6 + -7 + 3.
-2
-12 + (6 - -2) + 1
-3
Evaluate (10 - -2 - 4) + -3.
5
Calculate 1 - (3 + -2) - (1 - -1).
-2
6 - -3 - (3 + 0) - 2
4
Calculate (-13 + 20 - 10) + 9.
6
0 - (2 - 6 - (-2 + -4))
-2
Evaluate (2 - -11 - 3) + -5.
5
Evaluate 0 + (-1 - -1) + (-19 - -22).
3
Calculate 0 + (2 - 1) + -3.
-2
What is 4 - (0 - -5 - -2)?
-3
Evaluate 2 - -3 - 3 - (-4 + 10).
-4
Evaluate ((5 - 4) + 0 - -2) + -2.
1
What is -1 + -13 + (5 - 6) + 8?
-7
What is the value of (87 - 92) + (1 - 1) + 10?
5
9 + (-9 - (1 + 4))
-5
0 - (-15 + 12 + -3 + 2)
4
What is the value of -1 - -2 - ((-1 - 1) + 5)?
-2
Evaluate (-8 - (-7 + 12)) + 6.
-7
What is the value of 28 - 33 - (0 - 1)?
-4
2 - -1 - (-4 - (-4 + 3))
6
What is the value of 8 + -4 + -5 + -1?
-2
Calculate -1 - (-2 + -1 + 3).
-1
What is 1 + -4 + -10 + 18?
5
Evaluate -4 + -2 + -3 + 4.
-5
Evaluate (4 - 0) + -5 - -4.
3
Calculate 2 + -3 + 1 - 4.
-4
What is the value of (1 - -3 - -2) + -5 - -3?
4
-2 + 0 + 1 + -2 + 0
-3
(-5 - -3) + 0 + -5 + 2
-5
5 + 2 + (-5 - -2)
4
What is the value of (-17 - (-5 + -3)) + 11?
2
Calculate (-3 + -1 - -6) + -6.
-4
-7 + 9 + (2 - 15 - -6)
-5
Evaluate -5 + 1 + (-13 - -16) - -1.
0
What is the value of 5 + -2 - (4 - (0 - -4))?
3
Calculate 0 - 6 - -11 - 9.
-4
Calculate 4 - (-6 - -8) - -4.
6
3 + (9 - 4 - -2 - 4)
6
What is the value of 2 + ((8 - 12) + 1 - -9)?
8
What is -7 + 13 - (1 + 2) - 0?
3
Evaluate (-7 - (2 + -7)) + -1 - -5.
2
Evaluate 4 + 0 + -4 + 2.
2
-7 + 18 - (-7 - -15)
3
What is (5 - (9 + -1)) + 1?
-2
-1 + -6 + (-8 - -2 - -8)
-5
1 - (-3 + 9 - 2) - 0
-3
14 + -3 + -8 + 0
3
7 + (9 - 16) + 7
7
Calculate 119 + -131 + 10 + 0.
-2
3 + -6 + 13 + 1 + -16
-5
What is the value of 4 + -4 + 11 + -7?
4
Calculate 1 + -3 + 1 - (38 - 45).
6
Evaluate (-1 - 2) + -178 + 181.
0
-2 + (-7 - -4) + 2
-3
What is 1 + -1 + -2 + 7?
5
Evaluate (3 - 1) + (-20 - -9 - -6).
-3
(11 - 2) + -1 + (-11 - -8)
5
Evaluate 1 + -2 + 6 + (-3 - 0).
2
What is 1 - ((-11 - 0) + (-1 - -6))?
7
What is the value of (-2 + 1 - 1) + 8?
6
What is (1 - (-2 + -6)) + -6?
3
Calculate (11 - 0) + -18 + 11.
4
What is 2 - (5 + 0 + 24 + -20)?
-7
5 - (3 - -4 - 5)
3
5 + (1 - (-4 + (-6 - -20)))
-4
Evaluate 6 - (18 + (4 - 9)).
-7
What is 5 + -6 + 31 + -23?
7
Calculate -11 + -3 + 7 - -5.
-2
-1 - (1 + (4 - (0 - -4)))
-2
Calculate 0 + 4 - (-1 + 4).
1
-1 - -1 - 5 - (-8 - -3)
0
Evaluate (7 - 8) + (-7 - -4).
-4
11 + -13 - (0 - 1)
-1
Evaluate -4 + (-2 - -8 - 3 - -2).
1
Calculate 4 + 2 - (-47 - -50).
3
Calculate -2 - (-4 + -1 - (8 + -16)).
-5
Calculate -8 - (1 + (-2 - 2)).
-5
What is the value of 4 - (5 - 8 - (-8 + 2))?
1
-11 + 1 + 4 + (9 - 1)
2
Evaluate 4 + (-1 - (5 + -4)) - 3.
-1
What is -3 - -1 - (-16 + 17) - -2?
-1
What is the value of 6 + -3 - (-6 - -3 - -1)?
5
Calculate 4 + (2 - 3) - 8.
-5
What is the value of -4 - -1 - (4 + 1 - 3)?
-5
Evaluate 6 - 1 - (10 + -6).
1
Evaluate 0 - -2 - (0 - -3).
-1
Calculate 7 + -2 + -2 + -5.
-2
(1 - (-3 + 6)) + 3
1
What is -7 + 0 + 10 + 4?
7
Evaluate 2 + (-1 - (8 + -4)).
-3
4 + (-6 - -3 - -3)
4
What is 6 + (-2 - -1 - (-4 + 6))?
3
What is the value of 5 + 0 + -8 - -1?
-2
Calculate 12 + -2 + -3 + (2 - 3).
6
Calculate (4 - -6) + -19 - 1.
-10
What is 6 + -14 + 12 + 7?
11
Evaluate -12 - -20 - 7 - -8.
9
Evaluate -3 + (3 + 5 - 5).
0
What is the value of -19 + 26 - (3 - 1)?
5
What is the value of -1 + 5 - (2 + (-5 - -5))?
2
What is (-7 - (-5 + 4)) + -16 + 15?
-7
Evaluate -2 - ((-2 - -2) + 3).
-5
What is the value of (-4 - (-4 + -4)) + -1?
3
What is the value of (-2 - -5) + (4 - (7 + 4))?
-4
10 + 2 + -8 + -11
-7
What is the value of 0 + -1 + 1 + -3?
-3
What is the value of 10 + -1 + -2 - (57 - 56)?
6
Calculate (4 - (-3 + 5)) + -1 + 4.
5
What is the value of -2 - -1 - -4 - (-1 + 8)?
-4
Calculate (-3 - -4) + 2 + (2 - 3).
2
What is -91 + 89 + (1 - -4)?
3
Calculate -1 + 1 - ((-6 - -10) + -7).
3
7 + -8 + (8 - 6)
1
Calculate 1 - (-4 - (-3 + 2)).
4
3 + 1 + (-4 - -5)
5
Evaluate -5 - (-1 + (-5 - -1)).
0
(-5 - (-2 + -6)) + 11 - 7
7
What is (11 - 18) + 0 - 2?
-9
Evaluate -5 + 1 + -2 + 2 + 2.
-2
(-4 - -4) + 2 + -4
-2
What is 11 - (6 - 5) - 14?
-4
What is -48 + 54 - (2 + 4)?
0
Evaluate -22 + 22 - ((0 - 3) + 4).
-1
What is -3 + -3 + 3 + 6?
3
0 - (-11 - (-14 + -6))
-9
Evaluate -4 - (-5 + -2 + 6) - 2.
-5
-3 - (-3 + 4 + -4)
0
(1 - -2) + (3 - 6)
0
What is -1 + -2 + 0 + 1 + -2?
-4
Calculate -7 + 6 - 1 - (0 - 3).
1
What is (1 + 1 - -1) + 114 + -119?
-2
0 - 4 - (-6 - -1 - -5)
-4
Evaluate 2 - ((1 - 5) + 3).
3
Calculate (-2 - 1) + -9 + 10 - 5.
-7
5 + 6 + -14 + 1
-2
What is 4 + (-2 - -6) - 3?
5
What is the value of (-10 - (-1 - 9)) + 4?
4
5 - (4 - (-7 + 0 + 3))
-3
Evaluate -3 + -1 - ((1 - 5) + 1).
-1
-10 + (-3 - -8) - -1
-4
Evaluate 5 + -2 + 2 + 0.
5
What is the value of (1 + -3 - 3) + 8?
3
What is 1 - 0 - (12 + 1 - 13)?
1
What is the value of 4 - (-5 + 1 + 3)?
5
Calculate (2 - 1) + 1 + (-12 - -16).
6
What is -1 + (14 - (9 - 4 - -2))?
6
What is the value of 1 - 6 - (2 - 8)?
1
2 - ((3 - 8) + 3)
4
Evaluate (-4 - -9) + -11 - -1.
-5
What is 4 + 0 + -1 - 1?
2
What is -7 + 12 + (-5 - -1)?
1
Evaluate 4 - (-6 - (0 + -13)).
-3
What is (1 - 10) + -7 + (12 - -1)?
-3
What is the value of 0 + 11 + -7 - (12 - 4)?
-4
What is 12 - 7 - (1 - -1)?
3
Calculate -3 + (-7 - -5) + 0.
-5
Evaluate -1 - 3 - (3 + -7 + 5).
-5
Calculate -1 + -9 - (-64 + 53).
1
-4 + 9 + 1 + 10 + -10
6
Calculate 0 + (6 - (9 + -3)).
0
What is the value of 2 + -10 + -9 + 3 + 9?
-5
10 - ((11 - 6) + (-3 - -3))
5
Calculate 6 - ((34 - 37) + (2 - 0)).
7
E